{"id":1592,"date":"2024-06-11T07:23:45","date_gmt":"2024-06-11T06:23:45","guid":{"rendered":"http:\/\/pansch-research.com\/?page_id=1592"},"modified":"2024-06-28T07:16:02","modified_gmt":"2024-06-28T06:16:02","slug":"mesocosm-infrastructure-at-abo-akademi-university","status":"publish","type":"page","link":"https:\/\/pansch-research.com\/?page_id=1592","title":{"rendered":"Mesocosm infrastructure at \u00c5bo Akademi University"},"content":{"rendered":"<p><span style=\"text-decoration: underline;\"><strong>Archipelago Mesocosm Network &#8211; A community-scale experimental system at \u00c5bo Akademi University<\/strong><\/span><\/p>\n<p><img loading=\"lazy\" decoding=\"async\" class=\"alignnone size-full wp-image-1595\" src=\"http:\/\/pansch-research.com\/wp-content\/uploads\/2024\/06\/1.png\" alt=\"\" width=\"4372\" height=\"1787\" srcset=\"https:\/\/pansch-research.com\/wp-content\/uploads\/2024\/06\/1.png 4372w, https:\/\/pansch-research.com\/wp-content\/uploads\/2024\/06\/1-300x123.png 300w, https:\/\/pansch-research.com\/wp-content\/uploads\/2024\/06\/1-1024x419.png 1024w, https:\/\/pansch-research.com\/wp-content\/uploads\/2024\/06\/1-768x314.png 768w, https:\/\/pansch-research.com\/wp-content\/uploads\/2024\/06\/1-1536x628.png 1536w, https:\/\/pansch-research.com\/wp-content\/uploads\/2024\/06\/1-2048x837.png 2048w, https:\/\/pansch-research.com\/wp-content\/uploads\/2024\/06\/1-1200x490.png 1200w\" sizes=\"auto, (max-width: 709px) 85vw, (max-width: 909px) 67vw, (max-width: 1362px) 62vw, 840px\" \/><\/p>\n<p><a href=\"https:\/\/pansch-research.com\/?page_id=1604\"><span style=\"text-decoration: underline;\"><strong>Past and ongoing experimental manipulations<\/strong><\/span><\/a><\/p>\n<p><a href=\"https:\/\/pansch-research.com\/?page_id=1637\"><strong>Related recent Publications<\/strong><\/a><\/p>\n<p>&nbsp;<\/p>\n<p><span style=\"text-decoration: underline;\"><strong>Overview<\/strong><\/span><\/p>\n<p>At \u00c5bo Akademi University, across the Archipelago Sea and \u00c5land Islands, we maintain a research infrastructure network for community-scale experimental research.<\/p>\n<p>Manipulating community composition, as well as diverse underwater climates, including their extremes (such as marine heatwaves), allows us to glimpse into the future ocean.<\/p>\n<p>Mesocosms represent a tool to bridge laboratory (Petri-dishes to aquaria) and field experiments (1) and provide the advantage that any underwater climates can be manipulated synchronously (common garden) and replicated.<\/p>\n<p>Two mesocosm systems, of 20 600 L tanks each, are located at the Sk\u00e4rg\u00e5rdscentrum in Korpostr\u00f6m (Archipelago Sea) and at Hus\u00f6 Biological Station (\u00c5land Islands)<\/p>\n<p><img loading=\"lazy\" decoding=\"async\" class=\"alignnone size-full wp-image-1600\" src=\"http:\/\/pansch-research.com\/wp-content\/uploads\/2024\/06\/2.png\" alt=\"\" width=\"3740\" height=\"2071\" srcset=\"https:\/\/pansch-research.com\/wp-content\/uploads\/2024\/06\/2.png 3740w, https:\/\/pansch-research.com\/wp-content\/uploads\/2024\/06\/2-300x166.png 300w, https:\/\/pansch-research.com\/wp-content\/uploads\/2024\/06\/2-1024x567.png 1024w, https:\/\/pansch-research.com\/wp-content\/uploads\/2024\/06\/2-768x425.png 768w, https:\/\/pansch-research.com\/wp-content\/uploads\/2024\/06\/2-1536x851.png 1536w, https:\/\/pansch-research.com\/wp-content\/uploads\/2024\/06\/2-2048x1134.png 2048w, https:\/\/pansch-research.com\/wp-content\/uploads\/2024\/06\/2-1200x664.png 1200w\" sizes=\"auto, (max-width: 709px) 85vw, (max-width: 909px) 67vw, (max-width: 1362px) 62vw, 840px\" \/><\/p>\n<p><img loading=\"lazy\" decoding=\"async\" class=\"alignnone size-full wp-image-1599\" src=\"http:\/\/pansch-research.com\/wp-content\/uploads\/2024\/06\/3.png\" alt=\"\" width=\"3781\" height=\"1957\" srcset=\"https:\/\/pansch-research.com\/wp-content\/uploads\/2024\/06\/3.png 3781w, https:\/\/pansch-research.com\/wp-content\/uploads\/2024\/06\/3-300x155.png 300w, https:\/\/pansch-research.com\/wp-content\/uploads\/2024\/06\/3-1024x530.png 1024w, https:\/\/pansch-research.com\/wp-content\/uploads\/2024\/06\/3-768x398.png 768w, https:\/\/pansch-research.com\/wp-content\/uploads\/2024\/06\/3-1536x795.png 1536w, https:\/\/pansch-research.com\/wp-content\/uploads\/2024\/06\/3-2048x1060.png 2048w, https:\/\/pansch-research.com\/wp-content\/uploads\/2024\/06\/3-1200x621.png 1200w\" sizes=\"auto, (max-width: 709px) 85vw, (max-width: 909px) 67vw, (max-width: 1362px) 62vw, 840px\" \/><\/p>\n<p><img loading=\"lazy\" decoding=\"async\" class=\"alignnone size-full wp-image-1598\" src=\"http:\/\/pansch-research.com\/wp-content\/uploads\/2024\/06\/4.png\" alt=\"\" width=\"3799\" height=\"2076\" srcset=\"https:\/\/pansch-research.com\/wp-content\/uploads\/2024\/06\/4.png 3799w, https:\/\/pansch-research.com\/wp-content\/uploads\/2024\/06\/4-300x164.png 300w, https:\/\/pansch-research.com\/wp-content\/uploads\/2024\/06\/4-1024x560.png 1024w, https:\/\/pansch-research.com\/wp-content\/uploads\/2024\/06\/4-768x420.png 768w, https:\/\/pansch-research.com\/wp-content\/uploads\/2024\/06\/4-1536x839.png 1536w, https:\/\/pansch-research.com\/wp-content\/uploads\/2024\/06\/4-2048x1119.png 2048w, https:\/\/pansch-research.com\/wp-content\/uploads\/2024\/06\/4-1200x656.png 1200w\" sizes=\"auto, (max-width: 709px) 85vw, (max-width: 909px) 67vw, (max-width: 1362px) 62vw, 840px\" \/><\/p>\n<p><img loading=\"lazy\" decoding=\"async\" class=\"alignnone size-full wp-image-1597\" src=\"http:\/\/pansch-research.com\/wp-content\/uploads\/2024\/06\/5.png\" alt=\"\" width=\"3538\" height=\"1952\" srcset=\"https:\/\/pansch-research.com\/wp-content\/uploads\/2024\/06\/5.png 3538w, https:\/\/pansch-research.com\/wp-content\/uploads\/2024\/06\/5-300x166.png 300w, https:\/\/pansch-research.com\/wp-content\/uploads\/2024\/06\/5-1024x565.png 1024w, https:\/\/pansch-research.com\/wp-content\/uploads\/2024\/06\/5-768x424.png 768w, https:\/\/pansch-research.com\/wp-content\/uploads\/2024\/06\/5-1536x847.png 1536w, https:\/\/pansch-research.com\/wp-content\/uploads\/2024\/06\/5-2048x1130.png 2048w, https:\/\/pansch-research.com\/wp-content\/uploads\/2024\/06\/5-1200x662.png 1200w\" sizes=\"auto, (max-width: 709px) 85vw, (max-width: 909px) 67vw, (max-width: 1362px) 62vw, 840px\" \/><\/p>\n<p>The systems mimic most natural conditions in nutrients and organic matter and daily fluctuation of abiotic factors such as water temperature, salinity, pH, and oxygen, as well as light.<\/p>\n<p>&nbsp;<\/p>\n<p><span style=\"text-decoration: underline;\"><strong>Setup information<\/strong><\/span><\/p>\n<p>Each system comprises 20 600 L polyethylene tanks (Schwer-PALOXE 1130 x 930 x 600 mm) supplied with a constant flow-through of unfiltered seawater from a water depths of 2 m (Korpostr\u00f6m: GRUNDFOS SP 5A-12 R 5 from around 20 m from the tank system; Hus\u00f6: Isku-Jet 3RP from around 300 m from the tank system).<\/p>\n<p>Experiments can be run flexibly, in full 600 L tanks or in experimental (semi-independent), for example 20 L, subunits (vinyl buckets PP Plastex\u00ae).<\/p>\n<p>Constant and equal inflow of water is achieved by custom-made INFLOW units (with adjustable flow rates) or HEADER tanks (10 L buckets PP OrthexTM above the water level distribute water passively among the experimental units via 90 cm long silicon tubes &#8211; 4 mm diameter, Versilic Silicon Tubing #760320).<\/p>\n<p><img loading=\"lazy\" decoding=\"async\" class=\"alignnone size-full wp-image-1602\" src=\"http:\/\/pansch-research.com\/wp-content\/uploads\/2024\/06\/6.png\" alt=\"\" width=\"3799\" height=\"2296\" srcset=\"https:\/\/pansch-research.com\/wp-content\/uploads\/2024\/06\/6.png 3799w, https:\/\/pansch-research.com\/wp-content\/uploads\/2024\/06\/6-300x181.png 300w, https:\/\/pansch-research.com\/wp-content\/uploads\/2024\/06\/6-1024x619.png 1024w, https:\/\/pansch-research.com\/wp-content\/uploads\/2024\/06\/6-768x464.png 768w, https:\/\/pansch-research.com\/wp-content\/uploads\/2024\/06\/6-1536x928.png 1536w, https:\/\/pansch-research.com\/wp-content\/uploads\/2024\/06\/6-2048x1238.png 2048w, https:\/\/pansch-research.com\/wp-content\/uploads\/2024\/06\/6-1200x725.png 1200w\" sizes=\"auto, (max-width: 709px) 85vw, (max-width: 909px) 67vw, (max-width: 1362px) 62vw, 840px\" \/><\/p>\n<p>Natural light conditions are maintained through shading nets at ~440 \u00b5mol photon m-2 s-1 (Li-Cor model Li-1400 data logger), representative of 3 m water depth in the area during summer.<\/p>\n<p>&nbsp;<\/p>\n<p><span style=\"text-decoration: underline;\"><strong>Technical information<\/strong><\/span><\/p>\n<p>Each mesocosm is equipped with three to eight internal titanium heating elements (600\u2009W, Schego)<\/p>\n<p>Cooling is achieved by commercially available electrical titanium heat exchangers (Titan 2200, Aqua Medic)<\/p>\n<p>Heating and cooling elements are automatically regulated by the aquarium controllers with a hysteresis of 0.1-0.2 \u00b0C (GHL ProfiLux 4(e); Aqua Medic T controller twin (PRO))<\/p>\n<p>Circulation pumps (EHEIM 56.7 L\/m \u00a0\/ Tunze TURBELE STREAM 6085) provide water currents and equally, distribute heat inside the mesocosms<\/p>\n<p>Temperature, salinity, pH, O2, and light are monitored by HOBO loggers (HOBO Pendant Light\/Temperature Data Logger, Onset Computer Corporation), as well as with portable reference systems (hand-held probe MULTI 3630 IDS, with sensors: SenTix 940, FDO 925, TetraCon925, WTW Germany; Li-Cor model Li-1400 data logger). Chl a is measured using an Aquafluor Handheld Fluorometer. Samples for porewater and water-column nutrients are taken through syringes, including Rhizon Samplers (Rhizosphere Research Products).<\/p>\n<p>&nbsp;<\/p>\n<p><span style=\"text-decoration: underline;\"><strong>Please come and work with us !!!<\/strong><\/span><\/p>\n<p>Contact: \u00a0 Dr. Christian Pansch-Hattich<br \/>\nProf. of Marine Ecology<\/p>\n<p>\u00c5bo Akademi University<br \/>\nHenrikinkatu 2<br \/>\n20500 \u00c5bo\/Turku<br \/>\nFinland<\/p>\n<p>Mobile: +358 50 5126850<\/p>\n<p>E-Mail: cpanschh@abo.fi<\/p>\n<p>&nbsp;<\/p>\n<p><span style=\"text-decoration: underline;\"><strong>Literature<\/strong> <\/span><\/p>\n<div>(1) Gerhard M, Koussoroplis A-M, Raatz M, Pansch C, Fey SB, Vajedsamiei J, Caldero\u0301-Pascual M, Cunillera-Montcusi\u0301 D, Juvigny-Khenafou NPD, Polazzo F, Thomas PK, Symons CC, Bekliog\u0306lu M, Berger SA, Chefaoui RM, Ali Ger K, Langenheder S, Nejstgaard JC, Ptacnik R, Striebel M (2022) Environmental variability in aquatic ecosystems: avenues for future multifactorial experiments. Limnology and Oceanography \u2013 Letters 8:247-266 (<a href=\"https:\/\/doi.org\/10.1002\/lol2.10286\">https:\/\/doi.org\/10.1002\/lol2.10286<\/a>)<\/div>\n<p>&nbsp;<\/p>\n","protected":false},"excerpt":{"rendered":"<p>Archipelago Mesocosm Network &#8211; A community-scale experimental system at \u00c5bo Akademi University Past and ongoing experimental manipulations Related recent Publications &nbsp; Overview At \u00c5bo Akademi University, across the Archipelago Sea and \u00c5land Islands, we maintain a research infrastructure network for community-scale experimental research. Manipulating community composition, as well as diverse underwater climates, including their extremes &hellip; <a href=\"https:\/\/pansch-research.com\/?page_id=1592\" class=\"more-link\">Continue reading<span class=\"screen-reader-text\"> &#8220;Mesocosm infrastructure at \u00c5bo Akademi University&#8221;<\/span><\/a><\/p>\n","protected":false},"author":1,"featured_media":0,"parent":142,"menu_order":2,"comment_status":"closed","ping_status":"closed","template":"","meta":{"footnotes":""},"class_list":["post-1592","page","type-page","status-publish","hentry"],"_links":{"self":[{"href":"https:\/\/pansch-research.com\/index.php?rest_route=\/wp\/v2\/pages\/1592","targetHints":{"allow":["GET"]}}],"collection":[{"href":"https:\/\/pansch-research.com\/index.php?rest_route=\/wp\/v2\/pages"}],"about":[{"href":"https:\/\/pansch-research.com\/index.php?rest_route=\/wp\/v2\/types\/page"}],"author":[{"embeddable":true,"href":"https:\/\/pansch-research.com\/index.php?rest_route=\/wp\/v2\/users\/1"}],"replies":[{"embeddable":true,"href":"https:\/\/pansch-research.com\/index.php?rest_route=%2Fwp%2Fv2%2Fcomments&post=1592"}],"version-history":[{"count":10,"href":"https:\/\/pansch-research.com\/index.php?rest_route=\/wp\/v2\/pages\/1592\/revisions"}],"predecessor-version":[{"id":1643,"href":"https:\/\/pansch-research.com\/index.php?rest_route=\/wp\/v2\/pages\/1592\/revisions\/1643"}],"up":[{"embeddable":true,"href":"https:\/\/pansch-research.com\/index.php?rest_route=\/wp\/v2\/pages\/142"}],"wp:attachment":[{"href":"https:\/\/pansch-research.com\/index.php?rest_route=%2Fwp%2Fv2%2Fmedia&parent=1592"}],"curies":[{"name":"wp","href":"https:\/\/api.w.org\/{rel}","templated":true}]}}